{"id":98,"date":"2020-06-10T13:04:26","date_gmt":"2020-06-10T13:04:26","guid":{"rendered":"http:\/\/lunge-braunau.at\/?page_id=98"},"modified":"2021-03-15T16:21:05","modified_gmt":"2021-03-15T16:21:05","slug":"impressum","status":"publish","type":"page","link":"https:\/\/www.lunge-braunau.at\/?page_id=98","title":{"rendered":"Impressum"},"content":{"rendered":"\n<ul class=\"wp-block-gallery columns-1 is-cropped wp-block-gallery-1 is-layout-flex wp-block-gallery-is-layout-flex\"><li class=\"blocks-gallery-item\"><figure><img loading=\"lazy\" decoding=\"async\" width=\"130\" height=\"7\" src=\"https:\/\/www.lunge-braunau.at\/wp-content\/uploads\/2020\/06\/green-3-1.jpg\" alt=\"\" data-id=\"118\" data-link=\"https:\/\/www.lunge-braunau.at\/?attachment_id=118\" class=\"wp-image-118\"\/><\/figure><\/li><\/ul>\n\n\n\n<p><strong>Information gem\u00e4\u00df \u00a7 5 E-Commerce-Gesetz und Offenlegung gem\u00e4\u00df \u00a7 25 Mediengesetz:<\/strong><\/p>\n\n\n\n<p><strong>Kontaktdaten:<\/strong><\/p>\n\n\n\n<p>Facharztpraxis f\u00fcr Lungenheilkunde Dr. Carolin Gro\u00dfruck<\/p>\n\n\n\n<p>Bahnhofstra\u00dfe 50, 5280 Braunau<br>Tel.: +43 (0) 7722 84140<br>Fax: +43 (0) 7722 84140-15<br>E-Mail: <a href=\"mailto:praxis@lunge-hochreiter.at\">praxis@lunge-braunau.at<\/a><\/p>\n\n\n\n<p><strong>Angaben:<\/strong><\/p>\n\n\n\n<p>Mitglied der \u00c4rztekammer f\u00fcr Ober\u00f6sterreich<br>T\u00e4tigkeit unterliegt dem \u00c4rztegesetz 1998<br>Berufsbezeichnung:\u00a0Facharzt f\u00fcr Lungenkrankheiten<br>UID-Nr.:\u00a0ATU 75860935<\/p>\n\n\n\n<ul class=\"wp-block-gallery columns-1 is-cropped wp-block-gallery-2 is-layout-flex wp-block-gallery-is-layout-flex\"><li class=\"blocks-gallery-item\"><figure><img loading=\"lazy\" decoding=\"async\" width=\"130\" height=\"7\" src=\"https:\/\/www.lunge-braunau.at\/wp-content\/uploads\/2020\/06\/green-3-1.jpg\" alt=\"\" data-id=\"118\" data-link=\"https:\/\/www.lunge-braunau.at\/?attachment_id=118\" class=\"wp-image-118\"\/><\/figure><\/li><\/ul>\n\n\n\n<p>Haftungsausschluss &amp; Inhalt des Onlineangebotes<\/p>\n\n\n\n<p>Alle Inhalte dieser Webseite sind urherberrechtlich gesch\u00fctzt. Die Weiterverwendung der Inhalte durch Dritte ist nicht erlaubt. Wir \u00fcbernehmen keinerlei Gew\u00e4hr f\u00fcr die Aktualit\u00e4t, Richtigkeit und Vollst\u00e4ndigkeit der bereitgestellten Informationen. Haftungsanspr\u00fcche, welche sich auf Sch\u00e4den materieller oder ideeller Art beziehen, die durch die Nutzung oder Nichtnutzung der dargebotenen Informationen bzw. durch die Nutzung fehlerhafter und unvollst\u00e4ndiger Informationen verursacht wurden, sind grunds\u00e4tzlich ausgeschlossen, sofern kein nachweislich vors\u00e4tzliches oder grob fahrl\u00e4ssiges Verschulden vorliegt. Wir halten uns vor Inhalte der Seiten oder das gesamte Angebot ohne gesonderte Ank\u00fcndigung zu ver\u00e4ndern, zu erg\u00e4nzen, zu l\u00f6schen oder die Ver\u00f6ffentlichung zeitweise oder endg\u00fcltig einzustellen.<br> <\/p>\n\n\n\n<p>Urheber- und Kennzeichenrecht<br> Wir sind bestrebt, in allen Publikationen die Urheberrechte der verwendeten Bilder, Grafiken und Texte zu beachten, von uns selbst erstellte Bilder, Grafiken und Texte zu nutzen oder auf lizenzfreie Grafiken, Bilder oder Texte zur\u00fcckzugreifen. Alle innerhalb des Internetangebotes genannten und ggf. durch Dritte gesch\u00fctzten Marken- und Warenzeichen unterliegen uneingeschr\u00e4nkt den Bestimmungen des jeweils g\u00fcltigen Kennzeichenrechts und den Besitzrechten der jeweiligen eingetragenen Eigent\u00fcmer. Allein aufgrund der blo\u00dfen Nennung ist nicht der Schluss zu ziehen, dass Markenzeichen nicht durch Rechte Dritter gesch\u00fctzt sind! Das Copyright f\u00fcr ver\u00f6ffentlichte, vom Autor selbst erstellte Objekte bleibt allein beim Autor der Seiten. Eine Vervielf\u00e4ltigung oder Verwendung solcher Grafiken, Tondokumente, Videosequenzen und Texte in anderen elektronischen oder gedruckten Publikationen ist ohne ausdr\u00fcckliche Zustimmung des Autors nicht gestattet.<\/p>\n\n\n\n<p>Datenschutz<br>Sofern innerhalb des Webseitenangebotes die M\u00f6glichkeit zur Eingabe pers\u00f6nlicher oder gesch\u00e4ftlicher Daten (Emailadressen, Namen, Anschriften) besteht, so erfolgt die Preisgabe dieser Daten seitens des Nutzers auf ausdr\u00fccklich freiwilliger Basis. Die Nutzung der im Rahmen des Impressums oder vergleichbarer Angaben ver\u00f6ffentlichten Kontaktdaten wie Postanschriften, Telefon- und Faxnummern sowie Emailadressen durch Dritte zur \u00dcbersendung von nicht ausdr\u00fccklich angeforderten Informationen ist nicht gestattet. Rechtliche Schritte gegen die Versender von sogenannten Spam-Mails bei Verst\u00f6ssen gegen dieses Verbot sind ausdr\u00fccklich vorbehalten.<\/p>\n\n\n\n<p>Bildrechte:<br> Gf\u00f6llner Andreas, Pixabay<\/p>\n","protected":false},"excerpt":{"rendered":"<p>Information gem\u00e4\u00df \u00a7 5 E-Commerce-Gesetz und Offenlegung gem\u00e4\u00df \u00a7 25 Mediengesetz: Kontaktdaten: Facharztpraxis f\u00fcr Lungenheilkunde Dr. Carolin Gro\u00dfruck Bahnhofstra\u00dfe 50, 5280 BraunauTel.: +43 (0) 7722 84140Fax: +43 (0) 7722 84140-15E-Mail: praxis@lunge-braunau.at Angaben: Mitglied der \u00c4rztekammer f\u00fcr Ober\u00f6sterreichT\u00e4tigkeit unterliegt dem \u00c4rztegesetz 1998Berufsbezeichnung:\u00a0Facharzt f\u00fcr LungenkrankheitenUID-Nr.:\u00a0ATU 75860935 Haftungsausschluss &amp; Inhalt des Onlineangebotes Alle Inhalte dieser Webseite sind urherberrechtlich &hellip; <\/p>\n<p class=\"link-more\"><a href=\"https:\/\/www.lunge-braunau.at\/?page_id=98\" class=\"more-link\"><span class=\"screen-reader-text\">\u201eImpressum\u201c<\/span> weiterlesen<\/a><\/p>\n","protected":false},"author":2,"featured_media":133,"parent":0,"menu_order":0,"comment_status":"closed","ping_status":"closed","template":"","meta":{"footnotes":""},"class_list":["post-98","page","type-page","status-publish","has-post-thumbnail","hentry"],"_links":{"self":[{"href":"https:\/\/www.lunge-braunau.at\/index.php?rest_route=\/wp\/v2\/pages\/98","targetHints":{"allow":["GET"]}}],"collection":[{"href":"https:\/\/www.lunge-braunau.at\/index.php?rest_route=\/wp\/v2\/pages"}],"about":[{"href":"https:\/\/www.lunge-braunau.at\/index.php?rest_route=\/wp\/v2\/types\/page"}],"author":[{"embeddable":true,"href":"https:\/\/www.lunge-braunau.at\/index.php?rest_route=\/wp\/v2\/users\/2"}],"replies":[{"embeddable":true,"href":"https:\/\/www.lunge-braunau.at\/index.php?rest_route=%2Fwp%2Fv2%2Fcomments&post=98"}],"version-history":[{"count":10,"href":"https:\/\/www.lunge-braunau.at\/index.php?rest_route=\/wp\/v2\/pages\/98\/revisions"}],"predecessor-version":[{"id":240,"href":"https:\/\/www.lunge-braunau.at\/index.php?rest_route=\/wp\/v2\/pages\/98\/revisions\/240"}],"wp:featuredmedia":[{"embeddable":true,"href":"https:\/\/www.lunge-braunau.at\/index.php?rest_route=\/wp\/v2\/media\/133"}],"wp:attachment":[{"href":"https:\/\/www.lunge-braunau.at\/index.php?rest_route=%2Fwp%2Fv2%2Fmedia&parent=98"}],"curies":[{"name":"wp","href":"https:\/\/api.w.org\/{rel}","templated":true}]}}

<ul class="wp-block-gallery columns-1 is-cropped wp-block-gallery-1 is-layout-flex wp-block-gallery-is-layout-flex"><li class="blocks-gallery-item"><figure><img loading="lazy" decoding="async" width="130" height="7" src="https://www.lunge-braunau.at/wp-content/uploads/2020/06/green-3-1.jpg" alt="" data-id="118" data-link="https://www.lunge-braunau.at/?attachment_id=118" class="wp-image-118"/></figure></li></ul>



<p><strong>Information gemäß § 5 E-Commerce-Gesetz und Offenlegung gemäß § 25 Mediengesetz:</strong></p>



<p><strong>Kontaktdaten:</strong></p>



<p>Facharztpraxis für Lungenheilkunde Dr. Carolin Großruck</p>



<p>Bahnhofstraße 50, 5280 Braunau<br>Tel.: +43 (0) 7722 84140<br>Fax: +43 (0) 7722 84140-15<br>E-Mail: <a href="mailto:praxis@lunge-hochreiter.at">praxis@lunge-braunau.at</a></p>



<p><strong>Angaben:</strong></p>



<p>Mitglied der Ärztekammer für Oberösterreich<br>Tätigkeit unterliegt dem Ärztegesetz 1998<br>Berufsbezeichnung: Facharzt für Lungenkrankheiten<br>UID-Nr.: ATU 75860935</p>



<ul class="wp-block-gallery columns-1 is-cropped wp-block-gallery-2 is-layout-flex wp-block-gallery-is-layout-flex"><li class="blocks-gallery-item"><figure><img loading="lazy" decoding="async" width="130" height="7" src="https://www.lunge-braunau.at/wp-content/uploads/2020/06/green-3-1.jpg" alt="" data-id="118" data-link="https://www.lunge-braunau.at/?attachment_id=118" class="wp-image-118"/></figure></li></ul>



<p>Haftungsausschluss &amp; Inhalt des Onlineangebotes</p>



<p>Alle Inhalte dieser Webseite sind urherberrechtlich geschützt. Die Weiterverwendung der Inhalte durch Dritte ist nicht erlaubt. Wir übernehmen keinerlei Gewähr für die Aktualität, Richtigkeit und Vollständigkeit der bereitgestellten Informationen. Haftungsansprüche, welche sich auf Schäden materieller oder ideeller Art beziehen, die durch die Nutzung oder Nichtnutzung der dargebotenen Informationen bzw. durch die Nutzung fehlerhafter und unvollständiger Informationen verursacht wurden, sind grundsätzlich ausgeschlossen, sofern kein nachweislich vorsätzliches oder grob fahrlässiges Verschulden vorliegt. Wir halten uns vor Inhalte der Seiten oder das gesamte Angebot ohne gesonderte Ankündigung zu verändern, zu ergänzen, zu löschen oder die Veröffentlichung zeitweise oder endgültig einzustellen.<br> </p>



<p>Urheber- und Kennzeichenrecht<br> Wir sind bestrebt, in allen Publikationen die Urheberrechte der verwendeten Bilder, Grafiken und Texte zu beachten, von uns selbst erstellte Bilder, Grafiken und Texte zu nutzen oder auf lizenzfreie Grafiken, Bilder oder Texte zurückzugreifen. Alle innerhalb des Internetangebotes genannten und ggf. durch Dritte geschützten Marken- und Warenzeichen unterliegen uneingeschränkt den Bestimmungen des jeweils gültigen Kennzeichenrechts und den Besitzrechten der jeweiligen eingetragenen Eigentümer. Allein aufgrund der bloßen Nennung ist nicht der Schluss zu ziehen, dass Markenzeichen nicht durch Rechte Dritter geschützt sind! Das Copyright für veröffentlichte, vom Autor selbst erstellte Objekte bleibt allein beim Autor der Seiten. Eine Vervielfältigung oder Verwendung solcher Grafiken, Tondokumente, Videosequenzen und Texte in anderen elektronischen oder gedruckten Publikationen ist ohne ausdrückliche Zustimmung des Autors nicht gestattet.</p>



<p>Datenschutz<br>Sofern innerhalb des Webseitenangebotes die Möglichkeit zur Eingabe persönlicher oder geschäftlicher Daten (Emailadressen, Namen, Anschriften) besteht, so erfolgt die Preisgabe dieser Daten seitens des Nutzers auf ausdrücklich freiwilliger Basis. Die Nutzung der im Rahmen des Impressums oder vergleichbarer Angaben veröffentlichten Kontaktdaten wie Postanschriften, Telefon- und Faxnummern sowie Emailadressen durch Dritte zur Übersendung von nicht ausdrücklich angeforderten Informationen ist nicht gestattet. Rechtliche Schritte gegen die Versender von sogenannten Spam-Mails bei Verstössen gegen dieses Verbot sind ausdrücklich vorbehalten.</p>



<p>Bildrechte:<br> Gföllner Andreas, Pixabay</p>

<p>Information gemäß § 5 E-Commerce-Gesetz und Offenlegung gemäß § 25 Mediengesetz: Kontaktdaten: Facharztpraxis für Lungenheilkunde Dr. Carolin Großruck Bahnhofstraße 50, 5280 BraunauTel.: +43 (0) 7722 84140Fax: +43 (0) 7722 84140-15E-Mail: praxis@lunge-braunau.at Angaben: Mitglied der Ärztekammer für OberösterreichTätigkeit unterliegt dem Ärztegesetz 1998Berufsbezeichnung: Facharzt für LungenkrankheitenUID-Nr.: ATU 75860935 Haftungsausschluss &amp; Inhalt des Onlineangebotes Alle Inhalte dieser Webseite sind urherberrechtlich &hellip; </p>
<p class="link-more"><a href="https://www.lunge-braunau.at/?page_id=98" class="more-link"><span class="screen-reader-text">„Impressum“</span> weiterlesen</a></p>
