{"id":66,"date":"2020-04-29T21:46:54","date_gmt":"2020-04-29T21:46:54","guid":{"rendered":"http:\/\/lunge-braunau.at\/?page_id=66"},"modified":"2025-11-18T06:59:47","modified_gmt":"2025-11-18T06:59:47","slug":"leistungsspektrum","status":"publish","type":"page","link":"https:\/\/www.lunge-braunau.at\/?page_id=66","title":{"rendered":"Unsere Leistungen"},"content":{"rendered":"\n<p><strong>ALLERGOLOGIE<\/strong><br> <\/p>\n\n\n\n<p>Eine Allergie ist eine \u00fcberschie\u00dfende Reaktion des Immunsystems ausgel\u00f6st durch Allergene. Die wichtigste S\u00e4ule in der Diagnostik ist die Anamnese gefolgt vom PRICK- Test (Intrakutantest). Erg\u00e4nzend kann auch eine Blutabnahme (RAST, Rekombinantendiagnostik) erforderlich sein. Je nach Krankenkasse werden die Kosten der Blutwerte g\u00e4nzlich oder teilweise \u00fcbernommen. Bei den kleinen Kassen und den Krankenf\u00fcrsorgen wird die Rechnung direkt vom Labor nachgereicht. <\/p>\n\n\n\n<p>Die Therapie besteht aus Antihistaminika und Steroide mittels Augentropfen, Nasenspray oder in Tablettenform. Bei gegebener Indikation, ist die AIT (Allergenimmuntherapie) mit Injektionen, Tropfen oder Tabletten, Therapie der Wahl.<\/p>\n\n\n\n<figure class=\"wp-block-image\"><img loading=\"lazy\" decoding=\"async\" width=\"1024\" height=\"593\" src=\"https:\/\/www.lunge-braunau.at\/wp-content\/uploads\/2021\/04\/Prick-test-1024x593.jpeg\" alt=\"\" class=\"wp-image-249\" srcset=\"https:\/\/www.lunge-braunau.at\/wp-content\/uploads\/2021\/04\/Prick-test-1024x593.jpeg 1024w, https:\/\/www.lunge-braunau.at\/wp-content\/uploads\/2021\/04\/Prick-test-300x174.jpeg 300w, https:\/\/www.lunge-braunau.at\/wp-content\/uploads\/2021\/04\/Prick-test-768x445.jpeg 768w\" sizes=\"auto, (max-width: 767px) 89vw, (max-width: 1000px) 54vw, (max-width: 1071px) 543px, 580px\" \/><\/figure>\n\n\n\n<figure class=\"wp-block-image size-large\"><img loading=\"lazy\" decoding=\"async\" width=\"1024\" height=\"576\" src=\"https:\/\/www.lunge-braunau.at\/wp-content\/uploads\/2025\/11\/TV-neu_03-2025_19-1024x576.jpg\" alt=\"\" class=\"wp-image-887\" srcset=\"https:\/\/www.lunge-braunau.at\/wp-content\/uploads\/2025\/11\/TV-neu_03-2025_19-1024x576.jpg 1024w, https:\/\/www.lunge-braunau.at\/wp-content\/uploads\/2025\/11\/TV-neu_03-2025_19-300x169.jpg 300w, https:\/\/www.lunge-braunau.at\/wp-content\/uploads\/2025\/11\/TV-neu_03-2025_19-768x432.jpg 768w, https:\/\/www.lunge-braunau.at\/wp-content\/uploads\/2025\/11\/TV-neu_03-2025_19-1536x864.jpg 1536w, https:\/\/www.lunge-braunau.at\/wp-content\/uploads\/2025\/11\/TV-neu_03-2025_19-2048x1152.jpg 2048w\" sizes=\"auto, (max-width: 767px) 89vw, (max-width: 1000px) 54vw, (max-width: 1071px) 543px, 580px\" \/><\/figure>\n\n\n\n<figure class=\"wp-block-image\"><img loading=\"lazy\" decoding=\"async\" width=\"1024\" height=\"31\" src=\"https:\/\/www.lunge-braunau.at\/wp-content\/uploads\/2021\/01\/strich-1024x31.jpg\" alt=\"\" class=\"wp-image-154\" srcset=\"https:\/\/www.lunge-braunau.at\/wp-content\/uploads\/2021\/01\/strich-1024x31.jpg 1024w, https:\/\/www.lunge-braunau.at\/wp-content\/uploads\/2021\/01\/strich-300x9.jpg 300w, https:\/\/www.lunge-braunau.at\/wp-content\/uploads\/2021\/01\/strich-768x24.jpg 768w, https:\/\/www.lunge-braunau.at\/wp-content\/uploads\/2021\/01\/strich.jpg 1337w\" sizes=\"auto, (max-width: 767px) 89vw, (max-width: 1000px) 54vw, (max-width: 1071px) 543px, 580px\" \/><\/figure>\n\n\n\n<p><strong>SCHLAFMEDIZIN<\/strong><\/p>\n\n\n\n<p>Bei n\u00e4chtlichen Atempausen oder Schnarchen ist die ambulante Schlafuntersuchung eine geeignete Screeningmethode um ein obstruktives Schlafapnoesyndrom festzustellen. Die Untersuchung wird ambulant in der Nacht zu Hause durchgef\u00fchrt.<br>Eine erforderliche Einleitung einer n\u00e4chtlichen CPAP Therapie erfolgt dann im Schlaflabor im Krankenhaus.  Die weiteren Erfolgskontrollen werden dann wieder bei uns ambulant durchgef\u00fchrt.<\/p>\n\n\n\n<figure class=\"wp-block-image\"><img loading=\"lazy\" decoding=\"async\" width=\"639\" height=\"436\" src=\"https:\/\/www.lunge-braunau.at\/wp-content\/uploads\/2021\/04\/Schlafmedizin.jpg\" alt=\"\" class=\"wp-image-263\" srcset=\"https:\/\/www.lunge-braunau.at\/wp-content\/uploads\/2021\/04\/Schlafmedizin.jpg 639w, https:\/\/www.lunge-braunau.at\/wp-content\/uploads\/2021\/04\/Schlafmedizin-300x205.jpg 300w\" sizes=\"auto, (max-width: 639px) 100vw, 639px\" \/><\/figure>\n\n\n\n<figure class=\"wp-block-image\"><img loading=\"lazy\" decoding=\"async\" width=\"1024\" height=\"576\" src=\"https:\/\/www.lunge-braunau.at\/wp-content\/uploads\/2021\/08\/Schalfmedizin-1024x576.jpg\" alt=\"\" class=\"wp-image-283\" srcset=\"https:\/\/www.lunge-braunau.at\/wp-content\/uploads\/2021\/08\/Schalfmedizin-1024x576.jpg 1024w, https:\/\/www.lunge-braunau.at\/wp-content\/uploads\/2021\/08\/Schalfmedizin-300x169.jpg 300w, https:\/\/www.lunge-braunau.at\/wp-content\/uploads\/2021\/08\/Schalfmedizin-768x432.jpg 768w\" sizes=\"auto, (max-width: 767px) 89vw, (max-width: 1000px) 54vw, (max-width: 1071px) 543px, 580px\" \/><\/figure>\n\n\n\n<figure class=\"wp-block-image\"><img loading=\"lazy\" decoding=\"async\" width=\"1024\" height=\"31\" src=\"https:\/\/www.lunge-braunau.at\/wp-content\/uploads\/2021\/01\/strich-1024x31.jpg\" alt=\"\" class=\"wp-image-154\" srcset=\"https:\/\/www.lunge-braunau.at\/wp-content\/uploads\/2021\/01\/strich-1024x31.jpg 1024w, https:\/\/www.lunge-braunau.at\/wp-content\/uploads\/2021\/01\/strich-300x9.jpg 300w, https:\/\/www.lunge-braunau.at\/wp-content\/uploads\/2021\/01\/strich-768x24.jpg 768w, https:\/\/www.lunge-braunau.at\/wp-content\/uploads\/2021\/01\/strich.jpg 1337w\" sizes=\"auto, (max-width: 767px) 89vw, (max-width: 1000px) 54vw, (max-width: 1071px) 543px, 580px\" \/><\/figure>\n\n\n\n<p><strong>DIGITALE R\u00d6NTGENBILDAUFNAHME<\/strong><\/p>\n\n\n\n<p>Das digitale R\u00f6ntgen l\u00f6st das klassische \u201eLungenr\u00f6ntgen\u201c ab und kann am Bildschirm in optimaler Aufl\u00f6sung betrachtet werden. Die Strahlenbelastung ist minimal (ca 0,1 mSV). Die Umgebungsstrahlung f\u00fcr den Menschen betr\u00e4gt pro Jahr etwa 3 mSV.<br>In der Pneumologie ist ein Lungenr\u00f6ntgen wesentlicher Bestandteil in der Diagnostik und unverzichtbar.<\/p>\n\n\n\n<figure class=\"wp-block-image\"><img loading=\"lazy\" decoding=\"async\" width=\"1024\" height=\"688\" src=\"https:\/\/www.lunge-braunau.at\/wp-content\/uploads\/2021\/04\/roengten-1024x688.jpeg\" alt=\"\" class=\"wp-image-251\" srcset=\"https:\/\/www.lunge-braunau.at\/wp-content\/uploads\/2021\/04\/roengten-1024x688.jpeg 1024w, https:\/\/www.lunge-braunau.at\/wp-content\/uploads\/2021\/04\/roengten-300x202.jpeg 300w, https:\/\/www.lunge-braunau.at\/wp-content\/uploads\/2021\/04\/roengten-768x516.jpeg 768w\" sizes=\"auto, (max-width: 767px) 89vw, (max-width: 1000px) 54vw, (max-width: 1071px) 543px, 580px\" \/><\/figure>\n\n\n\n<figure class=\"wp-block-image\"><img loading=\"lazy\" decoding=\"async\" width=\"1024\" height=\"989\" src=\"https:\/\/www.lunge-braunau.at\/wp-content\/uploads\/2021\/04\/Roentgen-1024x989.jpeg\" alt=\"\" class=\"wp-image-259\" srcset=\"https:\/\/www.lunge-braunau.at\/wp-content\/uploads\/2021\/04\/Roentgen-1024x989.jpeg 1024w, https:\/\/www.lunge-braunau.at\/wp-content\/uploads\/2021\/04\/Roentgen-300x290.jpeg 300w, https:\/\/www.lunge-braunau.at\/wp-content\/uploads\/2021\/04\/Roentgen-768x741.jpeg 768w\" sizes=\"auto, (max-width: 767px) 89vw, (max-width: 1000px) 54vw, (max-width: 1071px) 543px, 580px\" \/><\/figure>\n\n\n\n<figure class=\"wp-block-image\"><img loading=\"lazy\" decoding=\"async\" width=\"1024\" height=\"576\" src=\"https:\/\/www.lunge-braunau.at\/wp-content\/uploads\/2021\/08\/roentgne-1024x576.jpg\" alt=\"\" class=\"wp-image-285\" srcset=\"https:\/\/www.lunge-braunau.at\/wp-content\/uploads\/2021\/08\/roentgne-1024x576.jpg 1024w, https:\/\/www.lunge-braunau.at\/wp-content\/uploads\/2021\/08\/roentgne-300x169.jpg 300w, https:\/\/www.lunge-braunau.at\/wp-content\/uploads\/2021\/08\/roentgne-768x432.jpg 768w\" sizes=\"auto, (max-width: 767px) 89vw, (max-width: 1000px) 54vw, (max-width: 1071px) 543px, 580px\" \/><\/figure>\n\n\n\n<figure class=\"wp-block-image\"><img loading=\"lazy\" decoding=\"async\" width=\"1024\" height=\"31\" src=\"https:\/\/www.lunge-braunau.at\/wp-content\/uploads\/2021\/01\/strich-1024x31.jpg\" alt=\"\" class=\"wp-image-154\" srcset=\"https:\/\/www.lunge-braunau.at\/wp-content\/uploads\/2021\/01\/strich-1024x31.jpg 1024w, https:\/\/www.lunge-braunau.at\/wp-content\/uploads\/2021\/01\/strich-300x9.jpg 300w, https:\/\/www.lunge-braunau.at\/wp-content\/uploads\/2021\/01\/strich-768x24.jpg 768w, https:\/\/www.lunge-braunau.at\/wp-content\/uploads\/2021\/01\/strich.jpg 1337w\" sizes=\"auto, (max-width: 767px) 89vw, (max-width: 1000px) 54vw, (max-width: 1071px) 543px, 580px\" \/><\/figure>\n\n\n\n<p><strong>DURCHLEUCHTUNG<\/strong><\/p>\n\n\n\n<p>Die Durchleuchtung ist eine dynamische Untersuchung und die Strahlung wird gepulst\nabgegeben. Die Untersuchung erfolgt analog und liefert additive Informationen zum\nLungenr\u00f6ntgen.\n<\/p>\n\n\n\n<figure class=\"wp-block-image\"><img loading=\"lazy\" decoding=\"async\" width=\"1024\" height=\"715\" src=\"https:\/\/www.lunge-braunau.at\/wp-content\/uploads\/2021\/04\/durchleuchtungpeg-1024x715.jpeg\" alt=\"\" class=\"wp-image-253\" srcset=\"https:\/\/www.lunge-braunau.at\/wp-content\/uploads\/2021\/04\/durchleuchtungpeg-1024x715.jpeg 1024w, https:\/\/www.lunge-braunau.at\/wp-content\/uploads\/2021\/04\/durchleuchtungpeg-300x210.jpeg 300w, https:\/\/www.lunge-braunau.at\/wp-content\/uploads\/2021\/04\/durchleuchtungpeg-768x536.jpeg 768w\" sizes=\"auto, (max-width: 767px) 89vw, (max-width: 1000px) 54vw, (max-width: 1071px) 543px, 580px\" \/><\/figure>\n\n\n\n<figure class=\"wp-block-image\"><img loading=\"lazy\" decoding=\"async\" width=\"1024\" height=\"576\" src=\"https:\/\/www.lunge-braunau.at\/wp-content\/uploads\/2021\/08\/Durchleuchtung-1024x576.jpg\" alt=\"\" class=\"wp-image-286\" srcset=\"https:\/\/www.lunge-braunau.at\/wp-content\/uploads\/2021\/08\/Durchleuchtung-1024x576.jpg 1024w, https:\/\/www.lunge-braunau.at\/wp-content\/uploads\/2021\/08\/Durchleuchtung-300x169.jpg 300w, https:\/\/www.lunge-braunau.at\/wp-content\/uploads\/2021\/08\/Durchleuchtung-768x432.jpg 768w\" sizes=\"auto, (max-width: 767px) 89vw, (max-width: 1000px) 54vw, (max-width: 1071px) 543px, 580px\" \/><\/figure>\n\n\n\n<figure class=\"wp-block-image\"><img loading=\"lazy\" decoding=\"async\" width=\"1024\" height=\"31\" src=\"https:\/\/www.lunge-braunau.at\/wp-content\/uploads\/2021\/01\/strich-1024x31.jpg\" alt=\"\" class=\"wp-image-154\" srcset=\"https:\/\/www.lunge-braunau.at\/wp-content\/uploads\/2021\/01\/strich-1024x31.jpg 1024w, https:\/\/www.lunge-braunau.at\/wp-content\/uploads\/2021\/01\/strich-300x9.jpg 300w, https:\/\/www.lunge-braunau.at\/wp-content\/uploads\/2021\/01\/strich-768x24.jpg 768w, https:\/\/www.lunge-braunau.at\/wp-content\/uploads\/2021\/01\/strich.jpg 1337w\" sizes=\"auto, (max-width: 767px) 89vw, (max-width: 1000px) 54vw, (max-width: 1071px) 543px, 580px\" \/><\/figure>\n\n\n\n<p><strong> BLUTGASANALYSE<\/strong><\/p>\n\n\n\n<p>In der Blutgasanalyse werden verschiedene Parameter gemessen. Dadurch kann man St\u00f6rungen im S\u00e4ure-Basen-haushalt feststellen und die Atemsituation besser einsch\u00e4tzen. Die Blutgasanalyse ist auch notwendig um eine erforderliche Sauerstofflangzeittherapie (LTOT) zu evaluieren. Die Untersuchung wird mittels Punktion entweder direkt an der Arterie am Handgelenk durchgef\u00fchrt oder kapill\u00e4r nach Hyper\u00e4misierung (Finalgonsalbe) am Ohrl\u00e4ppchen.<\/p>\n\n\n\n<figure class=\"wp-block-image\"><img loading=\"lazy\" decoding=\"async\" width=\"1024\" height=\"576\" src=\"https:\/\/www.lunge-braunau.at\/wp-content\/uploads\/2021\/08\/Blutgas-1024x576.jpg\" alt=\"\" class=\"wp-image-279\" srcset=\"https:\/\/www.lunge-braunau.at\/wp-content\/uploads\/2021\/08\/Blutgas-1024x576.jpg 1024w, https:\/\/www.lunge-braunau.at\/wp-content\/uploads\/2021\/08\/Blutgas-300x169.jpg 300w, https:\/\/www.lunge-braunau.at\/wp-content\/uploads\/2021\/08\/Blutgas-768x432.jpg 768w\" sizes=\"auto, (max-width: 767px) 89vw, (max-width: 1000px) 54vw, (max-width: 1071px) 543px, 580px\" \/><\/figure>\n\n\n\n<figure class=\"wp-block-image\"><img loading=\"lazy\" decoding=\"async\" width=\"1024\" height=\"31\" src=\"https:\/\/www.lunge-braunau.at\/wp-content\/uploads\/2021\/01\/strich-1024x31.jpg\" alt=\"\" class=\"wp-image-154\" srcset=\"https:\/\/www.lunge-braunau.at\/wp-content\/uploads\/2021\/01\/strich-1024x31.jpg 1024w, https:\/\/www.lunge-braunau.at\/wp-content\/uploads\/2021\/01\/strich-300x9.jpg 300w, https:\/\/www.lunge-braunau.at\/wp-content\/uploads\/2021\/01\/strich-768x24.jpg 768w, https:\/\/www.lunge-braunau.at\/wp-content\/uploads\/2021\/01\/strich.jpg 1337w\" sizes=\"auto, (max-width: 767px) 89vw, (max-width: 1000px) 54vw, (max-width: 1071px) 543px, 580px\" \/><\/figure>\n\n\n\n<p><strong> SPIROMETRIE<\/strong> \/ <strong>BODYPHLETHYSMOGRAPHIE<\/strong><\/p>\n\n\n\n<p>In der Spirometrie werden statische und dynamische Lungenvolumina mittels Atemman\u00f6ver gemessen. In der Bodyplethysmographie wird auch der Atemwegswiderstand und das gesamte Lungenvolumen gemessen. Man unterscheidet obstruktive und restriktive Ventilationsst\u00f6rungen. In der Provokation mit Histamin wird untersucht ob \u00fcberempfindliche\/asthmatische Bronchien vorliegen. Die Provokation ist in der Asthmadiagnostik unverzichtbar.<\/p>\n\n\n\n<figure class=\"wp-block-image size-full\"><img loading=\"lazy\" decoding=\"async\" width=\"480\" height=\"640\" src=\"https:\/\/www.lunge-braunau.at\/wp-content\/uploads\/2021\/04\/Lungenfunktion.jpg\" alt=\"\" class=\"wp-image-261\" style=\"aspect-ratio:9\/16;object-fit:cover\" srcset=\"https:\/\/www.lunge-braunau.at\/wp-content\/uploads\/2021\/04\/Lungenfunktion.jpg 480w, https:\/\/www.lunge-braunau.at\/wp-content\/uploads\/2021\/04\/Lungenfunktion-225x300.jpg 225w\" sizes=\"auto, (max-width: 480px) 100vw, 480px\" \/><\/figure>\n\n\n\n<figure class=\"wp-block-image size-large\"><img loading=\"lazy\" decoding=\"async\" width=\"1024\" height=\"576\" src=\"https:\/\/www.lunge-braunau.at\/wp-content\/uploads\/2025\/11\/TV-neu_03-2025_30-1024x576.jpg\" alt=\"\" class=\"wp-image-879\" srcset=\"https:\/\/www.lunge-braunau.at\/wp-content\/uploads\/2025\/11\/TV-neu_03-2025_30-1024x576.jpg 1024w, https:\/\/www.lunge-braunau.at\/wp-content\/uploads\/2025\/11\/TV-neu_03-2025_30-300x169.jpg 300w, https:\/\/www.lunge-braunau.at\/wp-content\/uploads\/2025\/11\/TV-neu_03-2025_30-768x432.jpg 768w, https:\/\/www.lunge-braunau.at\/wp-content\/uploads\/2025\/11\/TV-neu_03-2025_30-1536x864.jpg 1536w, https:\/\/www.lunge-braunau.at\/wp-content\/uploads\/2025\/11\/TV-neu_03-2025_30-2048x1152.jpg 2048w\" sizes=\"auto, (max-width: 767px) 89vw, (max-width: 1000px) 54vw, (max-width: 1071px) 543px, 580px\" \/><\/figure>\n\n\n\n<figure class=\"wp-block-image\"><img loading=\"lazy\" decoding=\"async\" width=\"1024\" height=\"31\" src=\"https:\/\/www.lunge-braunau.at\/wp-content\/uploads\/2021\/01\/strich-1024x31.jpg\" alt=\"\" class=\"wp-image-154\" srcset=\"https:\/\/www.lunge-braunau.at\/wp-content\/uploads\/2021\/01\/strich-1024x31.jpg 1024w, https:\/\/www.lunge-braunau.at\/wp-content\/uploads\/2021\/01\/strich-300x9.jpg 300w, https:\/\/www.lunge-braunau.at\/wp-content\/uploads\/2021\/01\/strich-768x24.jpg 768w, https:\/\/www.lunge-braunau.at\/wp-content\/uploads\/2021\/01\/strich.jpg 1337w\" sizes=\"auto, (max-width: 767px) 89vw, (max-width: 1000px) 54vw, (max-width: 1071px) 543px, 580px\" \/><\/figure>\n\n\n\n<p><strong> NO MESSUNG<\/strong><\/p>\n\n\n\n<p>Mittels speziellem Atemman\u00f6ver wird das exhalierte NO gemessen, welches ein Baustein in der Asthmadiagnose ist. Vorallem bei Kindern ist diese Untersuchung hilfreich, da oft noch keine Provokation durchgef\u00fchrt werden kann.<\/p>\n\n\n\n<p>Diese Untersuchung wird von der Krankenkasse nicht bezahlt. <\/p>\n\n\n\n<figure class=\"wp-block-image is-resized\"><img loading=\"lazy\" decoding=\"async\" width=\"480\" height=\"298\" src=\"https:\/\/www.lunge-braunau.at\/wp-content\/uploads\/2021\/04\/Inhalator.jpg\" alt=\"\" class=\"wp-image-260\" style=\"width:639px;height:397px\" srcset=\"https:\/\/www.lunge-braunau.at\/wp-content\/uploads\/2021\/04\/Inhalator.jpg 480w, https:\/\/www.lunge-braunau.at\/wp-content\/uploads\/2021\/04\/Inhalator-300x186.jpg 300w\" sizes=\"auto, (max-width: 480px) 100vw, 480px\" \/><\/figure>\n\n\n\n<figure class=\"wp-block-image\"><img loading=\"lazy\" decoding=\"async\" width=\"1024\" height=\"31\" src=\"https:\/\/www.lunge-braunau.at\/wp-content\/uploads\/2021\/01\/strich-1024x31.jpg\" alt=\"\" class=\"wp-image-154\" srcset=\"https:\/\/www.lunge-braunau.at\/wp-content\/uploads\/2021\/01\/strich-1024x31.jpg 1024w, https:\/\/www.lunge-braunau.at\/wp-content\/uploads\/2021\/01\/strich-300x9.jpg 300w, https:\/\/www.lunge-braunau.at\/wp-content\/uploads\/2021\/01\/strich-768x24.jpg 768w, https:\/\/www.lunge-braunau.at\/wp-content\/uploads\/2021\/01\/strich.jpg 1337w\" sizes=\"auto, (max-width: 767px) 89vw, (max-width: 1000px) 54vw, (max-width: 1071px) 543px, 580px\" \/><\/figure>\n\n\n\n<p><strong> ALPHA-1-ANTITRYPSIN SCREENING<\/strong><\/p>\n\n\n\n<p>Ein Alpha-1-Antitrypsin-Mangel kann zum Lungenemphysem f\u00fchren. Bei Verdacht auf einen angeborenen Eiwei\u00dfmangel (Alpha-1-Antitrypsin-Mangel) wird der Serumspiegel im Blut bestimmt und eine erg\u00e4nzende Genotypisierung mittles Abstrich (Mundschleimhaut) durchgef\u00fchrt.<\/p>\n\n\n\n<figure class=\"wp-block-image\"><img loading=\"lazy\" decoding=\"async\" width=\"1024\" height=\"31\" src=\"https:\/\/www.lunge-braunau.at\/wp-content\/uploads\/2021\/01\/strich-1024x31.jpg\" alt=\"\" class=\"wp-image-154\" srcset=\"https:\/\/www.lunge-braunau.at\/wp-content\/uploads\/2021\/01\/strich-1024x31.jpg 1024w, https:\/\/www.lunge-braunau.at\/wp-content\/uploads\/2021\/01\/strich-300x9.jpg 300w, https:\/\/www.lunge-braunau.at\/wp-content\/uploads\/2021\/01\/strich-768x24.jpg 768w, https:\/\/www.lunge-braunau.at\/wp-content\/uploads\/2021\/01\/strich.jpg 1337w\" sizes=\"auto, (max-width: 767px) 89vw, (max-width: 1000px) 54vw, (max-width: 1071px) 543px, 580px\" \/><\/figure>\n\n\n\n<p><strong> LABOR<\/strong><\/p>\n\n\n\n<p>In unserer Ordination wird D-Dimer, CRP und das Blutbild bestimmt.<br>Alle anderen Parameter werden in ein Labor versandt.<\/p>\n\n\n\n<figure class=\"wp-block-image size-large\"><img loading=\"lazy\" decoding=\"async\" width=\"1024\" height=\"576\" src=\"https:\/\/www.lunge-braunau.at\/wp-content\/uploads\/2025\/11\/TV-neu_03-2025_36-1024x576.jpg\" alt=\"\" class=\"wp-image-880\" srcset=\"https:\/\/www.lunge-braunau.at\/wp-content\/uploads\/2025\/11\/TV-neu_03-2025_36-1024x576.jpg 1024w, https:\/\/www.lunge-braunau.at\/wp-content\/uploads\/2025\/11\/TV-neu_03-2025_36-300x169.jpg 300w, https:\/\/www.lunge-braunau.at\/wp-content\/uploads\/2025\/11\/TV-neu_03-2025_36-768x432.jpg 768w, https:\/\/www.lunge-braunau.at\/wp-content\/uploads\/2025\/11\/TV-neu_03-2025_36-1536x864.jpg 1536w, https:\/\/www.lunge-braunau.at\/wp-content\/uploads\/2025\/11\/TV-neu_03-2025_36-2048x1152.jpg 2048w\" sizes=\"auto, (max-width: 767px) 89vw, (max-width: 1000px) 54vw, (max-width: 1071px) 543px, 580px\" \/><\/figure>\n\n\n\n<figure class=\"wp-block-image\"><img loading=\"lazy\" decoding=\"async\" width=\"1024\" height=\"31\" src=\"https:\/\/www.lunge-braunau.at\/wp-content\/uploads\/2021\/01\/strich-1024x31.jpg\" alt=\"\" class=\"wp-image-154\" srcset=\"https:\/\/www.lunge-braunau.at\/wp-content\/uploads\/2021\/01\/strich-1024x31.jpg 1024w, https:\/\/www.lunge-braunau.at\/wp-content\/uploads\/2021\/01\/strich-300x9.jpg 300w, https:\/\/www.lunge-braunau.at\/wp-content\/uploads\/2021\/01\/strich-768x24.jpg 768w, https:\/\/www.lunge-braunau.at\/wp-content\/uploads\/2021\/01\/strich.jpg 1337w\" sizes=\"auto, (max-width: 767px) 89vw, (max-width: 1000px) 54vw, (max-width: 1071px) 543px, 580px\" \/><\/figure>\n\n\n\n<p><strong>ATTESTE \/ BEST\u00c4TIGUNGEN<\/strong> <\/p>\n\n\n\n<p>Erforderliche Atteste  und Best\u00e4tigungen (Turnbefreiung, Diagnosebest\u00e4tigung, BH, Lebensversicherung, Befunde f\u00fcr Aufnahmetests etc )  werden laut Tarifverordnung der O\u00d6\u00c4K verrechnet, und sind privat vom Patienten zu zahlen.<\/p>\n\n\n\n<figure class=\"wp-block-image\"><img loading=\"lazy\" decoding=\"async\" width=\"1024\" height=\"31\" src=\"https:\/\/www.lunge-braunau.at\/wp-content\/uploads\/2021\/01\/strich-1024x31.jpg\" alt=\"\" class=\"wp-image-154\" srcset=\"https:\/\/www.lunge-braunau.at\/wp-content\/uploads\/2021\/01\/strich-1024x31.jpg 1024w, https:\/\/www.lunge-braunau.at\/wp-content\/uploads\/2021\/01\/strich-300x9.jpg 300w, https:\/\/www.lunge-braunau.at\/wp-content\/uploads\/2021\/01\/strich-768x24.jpg 768w, https:\/\/www.lunge-braunau.at\/wp-content\/uploads\/2021\/01\/strich.jpg 1337w\" sizes=\"auto, (max-width: 767px) 89vw, (max-width: 1000px) 54vw, (max-width: 1071px) 543px, 580px\" \/><\/figure>\n\n\n\n<p><strong>IMPFUNGEN<\/strong><\/p>\n\n\n\n<p><strong>Pneumokokken-Impfungen<\/strong>,<strong> RSV Impfungen<\/strong><\/p>\n\n\n\n<p><strong>Influenzaimpfung <\/strong><\/p>\n\n\n\n<figure class=\"wp-block-image\"><img loading=\"lazy\" decoding=\"async\" width=\"1024\" height=\"31\" src=\"https:\/\/www.lunge-braunau.at\/wp-content\/uploads\/2021\/01\/strich-1024x31.jpg\" alt=\"\" class=\"wp-image-154\" srcset=\"https:\/\/www.lunge-braunau.at\/wp-content\/uploads\/2021\/01\/strich-1024x31.jpg 1024w, https:\/\/www.lunge-braunau.at\/wp-content\/uploads\/2021\/01\/strich-300x9.jpg 300w, https:\/\/www.lunge-braunau.at\/wp-content\/uploads\/2021\/01\/strich-768x24.jpg 768w, https:\/\/www.lunge-braunau.at\/wp-content\/uploads\/2021\/01\/strich.jpg 1337w\" sizes=\"auto, (max-width: 767px) 89vw, (max-width: 1000px) 54vw, (max-width: 1071px) 543px, 580px\" \/><\/figure>\n\n\n\n<figure class=\"wp-block-image\"><img loading=\"lazy\" decoding=\"async\" width=\"1024\" height=\"576\" src=\"https:\/\/www.lunge-braunau.at\/wp-content\/uploads\/2022\/07\/Verrechnung-2-1024x576.jpg\" alt=\"\" class=\"wp-image-474\" srcset=\"https:\/\/www.lunge-braunau.at\/wp-content\/uploads\/2022\/07\/Verrechnung-2-1024x576.jpg 1024w, https:\/\/www.lunge-braunau.at\/wp-content\/uploads\/2022\/07\/Verrechnung-2-300x169.jpg 300w, https:\/\/www.lunge-braunau.at\/wp-content\/uploads\/2022\/07\/Verrechnung-2-768x432.jpg 768w, https:\/\/www.lunge-braunau.at\/wp-content\/uploads\/2022\/07\/Verrechnung-2.jpg 1772w\" sizes=\"auto, (max-width: 767px) 89vw, (max-width: 1000px) 54vw, (max-width: 1071px) 543px, 580px\" \/><\/figure>\n\n\n\n<p><strong>VERRECHNUNG der LEISTUNGEN <\/strong><\/p>\n\n\n\n<p><strong>Direkte Abrechnung mit allen Krankenkassen (\u00d6GK, SVS-GW, SVS-LW, BVAEB)<\/strong><\/p>\n\n\n\n<p>Patienten:innen der F\u00fcrsorgeanstalten (KFA, KFL, KFG, LKUF) und Privat erhalten eine Rechnung. Die Rechnung wird nach der Untersuchung ausgeh\u00e4ndigt oder am Monatsende per Post an den\/die Patienten:in versandt. Nach der Einzahlung&nbsp;kann bei der KV eingereicht werden.<\/p>\n\n\n\n<figure class=\"wp-block-image\"><img loading=\"lazy\" decoding=\"async\" width=\"1024\" height=\"31\" src=\"https:\/\/www.lunge-braunau.at\/wp-content\/uploads\/2021\/01\/strich-1024x31.jpg\" alt=\"\" class=\"wp-image-154\" srcset=\"https:\/\/www.lunge-braunau.at\/wp-content\/uploads\/2021\/01\/strich-1024x31.jpg 1024w, https:\/\/www.lunge-braunau.at\/wp-content\/uploads\/2021\/01\/strich-300x9.jpg 300w, https:\/\/www.lunge-braunau.at\/wp-content\/uploads\/2021\/01\/strich-768x24.jpg 768w, https:\/\/www.lunge-braunau.at\/wp-content\/uploads\/2021\/01\/strich.jpg 1337w\" sizes=\"auto, (max-width: 767px) 89vw, (max-width: 1000px) 54vw, (max-width: 1071px) 543px, 580px\" \/><\/figure>\n","protected":false},"excerpt":{"rendered":"<p>ALLERGOLOGIE Eine Allergie ist eine \u00fcberschie\u00dfende Reaktion des Immunsystems ausgel\u00f6st durch Allergene. Die wichtigste S\u00e4ule in der Diagnostik ist die Anamnese gefolgt vom PRICK- Test (Intrakutantest). Erg\u00e4nzend kann auch eine Blutabnahme (RAST, Rekombinantendiagnostik) erforderlich sein. Je nach Krankenkasse werden die Kosten der Blutwerte g\u00e4nzlich oder teilweise \u00fcbernommen. Bei den kleinen Kassen und den Krankenf\u00fcrsorgen wird &hellip; <\/p>\n<p class=\"link-more\"><a href=\"https:\/\/www.lunge-braunau.at\/?page_id=66\" class=\"more-link\"><span class=\"screen-reader-text\">\u201eUnsere Leistungen\u201c<\/span> weiterlesen<\/a><\/p>\n","protected":false},"author":2,"featured_media":133,"parent":0,"menu_order":0,"comment_status":"closed","ping_status":"closed","template":"","meta":{"footnotes":""},"class_list":["post-66","page","type-page","status-publish","has-post-thumbnail","hentry"],"_links":{"self":[{"href":"https:\/\/www.lunge-braunau.at\/index.php?rest_route=\/wp\/v2\/pages\/66","targetHints":{"allow":["GET"]}}],"collection":[{"href":"https:\/\/www.lunge-braunau.at\/index.php?rest_route=\/wp\/v2\/pages"}],"about":[{"href":"https:\/\/www.lunge-braunau.at\/index.php?rest_route=\/wp\/v2\/types\/page"}],"author":[{"embeddable":true,"href":"https:\/\/www.lunge-braunau.at\/index.php?rest_route=\/wp\/v2\/users\/2"}],"replies":[{"embeddable":true,"href":"https:\/\/www.lunge-braunau.at\/index.php?rest_route=%2Fwp%2Fv2%2Fcomments&post=66"}],"version-history":[{"count":61,"href":"https:\/\/www.lunge-braunau.at\/index.php?rest_route=\/wp\/v2\/pages\/66\/revisions"}],"predecessor-version":[{"id":888,"href":"https:\/\/www.lunge-braunau.at\/index.php?rest_route=\/wp\/v2\/pages\/66\/revisions\/888"}],"wp:featuredmedia":[{"embeddable":true,"href":"https:\/\/www.lunge-braunau.at\/index.php?rest_route=\/wp\/v2\/media\/133"}],"wp:attachment":[{"href":"https:\/\/www.lunge-braunau.at\/index.php?rest_route=%2Fwp%2Fv2%2Fmedia&parent=66"}],"curies":[{"name":"wp","href":"https:\/\/api.w.org\/{rel}","templated":true}]}}