{"id":62,"date":"2020-04-29T21:39:48","date_gmt":"2020-04-29T21:39:48","guid":{"rendered":"http:\/\/lunge-braunau.at\/?page_id=62"},"modified":"2026-04-14T14:32:55","modified_gmt":"2026-04-14T14:32:55","slug":"kontakt","status":"publish","type":"page","link":"https:\/\/www.lunge-braunau.at\/?page_id=62","title":{"rendered":"Kontakt"},"content":{"rendered":"\n<h2 class=\"wp-block-heading\">Facharztpraxis f\u00fcr Lungenheilkunde<\/h2>\n\n\n\n<figure class=\"wp-block-image\"><img loading=\"lazy\" decoding=\"async\" width=\"1024\" height=\"576\" src=\"https:\/\/www.lunge-braunau.at\/wp-content\/uploads\/2022\/07\/aussen-2-1024x576.jpg\" alt=\"\" class=\"wp-image-456\" srcset=\"https:\/\/www.lunge-braunau.at\/wp-content\/uploads\/2022\/07\/aussen-2-1024x576.jpg 1024w, https:\/\/www.lunge-braunau.at\/wp-content\/uploads\/2022\/07\/aussen-2-300x169.jpg 300w, https:\/\/www.lunge-braunau.at\/wp-content\/uploads\/2022\/07\/aussen-2-768x432.jpg 768w, https:\/\/www.lunge-braunau.at\/wp-content\/uploads\/2022\/07\/aussen-2.jpg 1772w\" sizes=\"auto, (max-width: 767px) 89vw, (max-width: 1000px) 54vw, (max-width: 1071px) 543px, 580px\" \/><\/figure>\n\n\n\n<p>Dr. Carolin Gro\u00dfruck<\/p>\n\n\n\n<p>Bahnhofstra\u00dfe 50, 5280 Braunau<br> Tel.: +43 (0) 7722 84140<br> Fax: +43 (0) 7722 84140-15<br> E-Mail: praxis@lunge-braunau.at<\/p>\n\n\n\n<p>Termine nach telefonischer Vereinbarung oder online Buchung <\/p>\n\n\n\n<div class=\"wp-block-buttons is-layout-flex wp-block-buttons-is-layout-flex\">\n<div class=\"wp-block-button\"><a class=\"wp-block-button__link wp-element-button\" href=\"https:\/\/www.lunge-braunau.at\/?page_id=742\">Online Termine<\/a><\/div>\n<\/div>\n\n\n\n<figure class=\"wp-block-image\"><img loading=\"lazy\" decoding=\"async\" width=\"1024\" height=\"31\" src=\"https:\/\/www.lunge-braunau.at\/wp-content\/uploads\/2021\/01\/strich-1024x31.jpg\" alt=\"\" class=\"wp-image-154\" srcset=\"https:\/\/www.lunge-braunau.at\/wp-content\/uploads\/2021\/01\/strich-1024x31.jpg 1024w, https:\/\/www.lunge-braunau.at\/wp-content\/uploads\/2021\/01\/strich-300x9.jpg 300w, https:\/\/www.lunge-braunau.at\/wp-content\/uploads\/2021\/01\/strich-768x24.jpg 768w, https:\/\/www.lunge-braunau.at\/wp-content\/uploads\/2021\/01\/strich.jpg 1337w\" sizes=\"auto, (max-width: 767px) 89vw, (max-width: 1000px) 54vw, (max-width: 1071px) 543px, 580px\" \/><\/figure>\n\n\n\n<h2 class=\"wp-block-heading\">Telefonzeiten:<\/h2>\n\n\n\n<p>Montag<br>10.30 \u2013 12.00 Uhr<\/p>\n\n\n\n<p>Dienstag<br>08.00 \u2013 11.00 Uhr<\/p>\n\n\n\n<p>Mittwoch<br>14.00 \u2013 17.00 Uhr<\/p>\n\n\n\n<p>Donnerstag<br>08.00 \u2013 11.00 Uhr<\/p>\n\n\n\n<p>+43 (0)7722 \/84140<\/p>\n\n\n\n<h2 class=\"wp-block-heading\">\u00d6ffnungszeiten: (April bis Oktober)<\/h2>\n\n\n\n<ol start=\"8\" class=\"wp-block-list\"><\/ol>\n\n\n\n<p>Montag<br>12.00 \u2013 17.30 Uhr<\/p>\n\n\n\n<p>Dienstag<br>08.30 \u2013 13.00 Uhr<\/p>\n\n\n\n<p>Mittwoch<br>14.00 \u2013 19.30 Uhr<\/p>\n\n\n\n<p>Donnerstag<br>08.30 \u2013 13.00 Uhr<\/p>\n\n\n\n<figure class=\"wp-block-image\"><img loading=\"lazy\" decoding=\"async\" width=\"1024\" height=\"31\" src=\"https:\/\/www.lunge-braunau.at\/wp-content\/uploads\/2021\/01\/strich-1024x31.jpg\" alt=\"\" class=\"wp-image-154\" srcset=\"https:\/\/www.lunge-braunau.at\/wp-content\/uploads\/2021\/01\/strich-1024x31.jpg 1024w, https:\/\/www.lunge-braunau.at\/wp-content\/uploads\/2021\/01\/strich-300x9.jpg 300w, https:\/\/www.lunge-braunau.at\/wp-content\/uploads\/2021\/01\/strich-768x24.jpg 768w, https:\/\/www.lunge-braunau.at\/wp-content\/uploads\/2021\/01\/strich.jpg 1337w\" sizes=\"auto, (max-width: 767px) 89vw, (max-width: 1000px) 54vw, (max-width: 1071px) 543px, 580px\" \/><\/figure>\n\n\n\n<h2 class=\"wp-block-heading\">Parkplatz<\/h2>\n\n\n\n<figure class=\"wp-block-image\"><img loading=\"lazy\" decoding=\"async\" width=\"1024\" height=\"576\" src=\"https:\/\/www.lunge-braunau.at\/wp-content\/uploads\/2022\/07\/parkplatz-erkla\u0308rung-1024x576.jpg\" alt=\"\" class=\"wp-image-458\" srcset=\"https:\/\/www.lunge-braunau.at\/wp-content\/uploads\/2022\/07\/parkplatz-erkla\u0308rung-1024x576.jpg 1024w, https:\/\/www.lunge-braunau.at\/wp-content\/uploads\/2022\/07\/parkplatz-erkla\u0308rung-300x169.jpg 300w, https:\/\/www.lunge-braunau.at\/wp-content\/uploads\/2022\/07\/parkplatz-erkla\u0308rung-768x432.jpg 768w, https:\/\/www.lunge-braunau.at\/wp-content\/uploads\/2022\/07\/parkplatz-erkla\u0308rung.jpg 1772w\" sizes=\"auto, (max-width: 767px) 89vw, (max-width: 1000px) 54vw, (max-width: 1071px) 543px, 580px\" \/><\/figure>\n\n\n\n<p>Gegen\u00fcber der Ordination sind \u00f6ffentliche Parkpl\u00e4tze vorhanden, die w\u00e4hrend der Ordinationszeiten den Patienten zur Verf\u00fcgung stehen. Ansonsten nutzen Sie die umliegenden Parkm\u00f6glichkeiten.<\/p>\n\n\n\n<p>Barrierefreier Eingang \u00fcber den Innenhof!<\/p>\n\n\n\n<figure class=\"wp-block-image\"><img loading=\"lazy\" decoding=\"async\" width=\"1024\" height=\"31\" src=\"https:\/\/www.lunge-braunau.at\/wp-content\/uploads\/2021\/01\/strich-1024x31.jpg\" alt=\"\" class=\"wp-image-154\" srcset=\"https:\/\/www.lunge-braunau.at\/wp-content\/uploads\/2021\/01\/strich-1024x31.jpg 1024w, https:\/\/www.lunge-braunau.at\/wp-content\/uploads\/2021\/01\/strich-300x9.jpg 300w, https:\/\/www.lunge-braunau.at\/wp-content\/uploads\/2021\/01\/strich-768x24.jpg 768w, https:\/\/www.lunge-braunau.at\/wp-content\/uploads\/2021\/01\/strich.jpg 1337w\" sizes=\"auto, (max-width: 767px) 89vw, (max-width: 1000px) 54vw, (max-width: 1071px) 543px, 580px\" \/><\/figure>\n","protected":false},"excerpt":{"rendered":"<p>Facharztpraxis f\u00fcr Lungenheilkunde Dr. Carolin Gro\u00dfruck Bahnhofstra\u00dfe 50, 5280 Braunau Tel.: +43 (0) 7722 84140 Fax: +43 (0) 7722 84140-15 E-Mail: praxis@lunge-braunau.at Termine nach telefonischer Vereinbarung oder online Buchung Telefonzeiten: Montag10.30 \u2013 12.00 Uhr Dienstag08.00 \u2013 11.00 Uhr Mittwoch14.00 \u2013 17.00 Uhr Donnerstag08.00 \u2013 11.00 Uhr +43 (0)7722 \/84140 \u00d6ffnungszeiten: (April bis Oktober) Montag12.00 \u2013 &hellip; <\/p>\n<p class=\"link-more\"><a href=\"https:\/\/www.lunge-braunau.at\/?page_id=62\" class=\"more-link\"><span class=\"screen-reader-text\">\u201eKontakt\u201c<\/span> weiterlesen<\/a><\/p>\n","protected":false},"author":2,"featured_media":133,"parent":0,"menu_order":5,"comment_status":"closed","ping_status":"closed","template":"","meta":{"footnotes":""},"class_list":["post-62","page","type-page","status-publish","has-post-thumbnail","hentry"],"_links":{"self":[{"href":"https:\/\/www.lunge-braunau.at\/index.php?rest_route=\/wp\/v2\/pages\/62","targetHints":{"allow":["GET"]}}],"collection":[{"href":"https:\/\/www.lunge-braunau.at\/index.php?rest_route=\/wp\/v2\/pages"}],"about":[{"href":"https:\/\/www.lunge-braunau.at\/index.php?rest_route=\/wp\/v2\/types\/page"}],"author":[{"embeddable":true,"href":"https:\/\/www.lunge-braunau.at\/index.php?rest_route=\/wp\/v2\/users\/2"}],"replies":[{"embeddable":true,"href":"https:\/\/www.lunge-braunau.at\/index.php?rest_route=%2Fwp%2Fv2%2Fcomments&post=62"}],"version-history":[{"count":32,"href":"https:\/\/www.lunge-braunau.at\/index.php?rest_route=\/wp\/v2\/pages\/62\/revisions"}],"predecessor-version":[{"id":952,"href":"https:\/\/www.lunge-braunau.at\/index.php?rest_route=\/wp\/v2\/pages\/62\/revisions\/952"}],"wp:featuredmedia":[{"embeddable":true,"href":"https:\/\/www.lunge-braunau.at\/index.php?rest_route=\/wp\/v2\/media\/133"}],"wp:attachment":[{"href":"https:\/\/www.lunge-braunau.at\/index.php?rest_route=%2Fwp%2Fv2%2Fmedia&parent=62"}],"curies":[{"name":"wp","href":"https:\/\/api.w.org\/{rel}","templated":true}]}}

<h2 class="wp-block-heading">Facharztpraxis für Lungenheilkunde</h2>



<figure class="wp-block-image"><img loading="lazy" decoding="async" width="1024" height="576" src="https://www.lunge-braunau.at/wp-content/uploads/2022/07/aussen-2-1024x576.jpg" alt="" class="wp-image-456" srcset="https://www.lunge-braunau.at/wp-content/uploads/2022/07/aussen-2-1024x576.jpg 1024w, https://www.lunge-braunau.at/wp-content/uploads/2022/07/aussen-2-300x169.jpg 300w, https://www.lunge-braunau.at/wp-content/uploads/2022/07/aussen-2-768x432.jpg 768w, https://www.lunge-braunau.at/wp-content/uploads/2022/07/aussen-2.jpg 1772w" sizes="auto, (max-width: 767px) 89vw, (max-width: 1000px) 54vw, (max-width: 1071px) 543px, 580px" /></figure>



<p>Dr. Carolin Großruck</p>



<p>Bahnhofstraße 50, 5280 Braunau<br> Tel.: +43 (0) 7722 84140<br> Fax: +43 (0) 7722 84140-15<br> E-Mail: praxis@lunge-braunau.at</p>



<p>Termine nach telefonischer Vereinbarung oder online Buchung </p>



<div class="wp-block-buttons is-layout-flex wp-block-buttons-is-layout-flex">
<div class="wp-block-button"><a class="wp-block-button__link wp-element-button" href="https://www.lunge-braunau.at/?page_id=742">Online Termine</a></div>
</div>



<figure class="wp-block-image"><img loading="lazy" decoding="async" width="1024" height="31" src="https://www.lunge-braunau.at/wp-content/uploads/2021/01/strich-1024x31.jpg" alt="" class="wp-image-154" srcset="https://www.lunge-braunau.at/wp-content/uploads/2021/01/strich-1024x31.jpg 1024w, https://www.lunge-braunau.at/wp-content/uploads/2021/01/strich-300x9.jpg 300w, https://www.lunge-braunau.at/wp-content/uploads/2021/01/strich-768x24.jpg 768w, https://www.lunge-braunau.at/wp-content/uploads/2021/01/strich.jpg 1337w" sizes="auto, (max-width: 767px) 89vw, (max-width: 1000px) 54vw, (max-width: 1071px) 543px, 580px" /></figure>



<h2 class="wp-block-heading">Telefonzeiten:</h2>



<p>Montag<br>10.30 – 12.00 Uhr</p>



<p>Dienstag<br>08.00 – 11.00 Uhr</p>



<p>Mittwoch<br>14.00 – 17.00 Uhr</p>



<p>Donnerstag<br>08.00 – 11.00 Uhr</p>



<p>+43 (0)7722 /84140</p>



<h2 class="wp-block-heading">Öffnungszeiten: (April bis Oktober)</h2>



<ol start="8" class="wp-block-list"></ol>



<p>Montag<br>12.00 – 17.30 Uhr</p>



<p>Dienstag<br>08.30 – 13.00 Uhr</p>



<p>Mittwoch<br>14.00 – 19.30 Uhr</p>



<p>Donnerstag<br>08.30 – 13.00 Uhr</p>



<figure class="wp-block-image"><img loading="lazy" decoding="async" width="1024" height="31" src="https://www.lunge-braunau.at/wp-content/uploads/2021/01/strich-1024x31.jpg" alt="" class="wp-image-154" srcset="https://www.lunge-braunau.at/wp-content/uploads/2021/01/strich-1024x31.jpg 1024w, https://www.lunge-braunau.at/wp-content/uploads/2021/01/strich-300x9.jpg 300w, https://www.lunge-braunau.at/wp-content/uploads/2021/01/strich-768x24.jpg 768w, https://www.lunge-braunau.at/wp-content/uploads/2021/01/strich.jpg 1337w" sizes="auto, (max-width: 767px) 89vw, (max-width: 1000px) 54vw, (max-width: 1071px) 543px, 580px" /></figure>



<h2 class="wp-block-heading">Parkplatz</h2>



<figure class="wp-block-image"><img loading="lazy" decoding="async" width="1024" height="576" src="https://www.lunge-braunau.at/wp-content/uploads/2022/07/parkplatz-erklärung-1024x576.jpg" alt="" class="wp-image-458" srcset="https://www.lunge-braunau.at/wp-content/uploads/2022/07/parkplatz-erklärung-1024x576.jpg 1024w, https://www.lunge-braunau.at/wp-content/uploads/2022/07/parkplatz-erklärung-300x169.jpg 300w, https://www.lunge-braunau.at/wp-content/uploads/2022/07/parkplatz-erklärung-768x432.jpg 768w, https://www.lunge-braunau.at/wp-content/uploads/2022/07/parkplatz-erklärung.jpg 1772w" sizes="auto, (max-width: 767px) 89vw, (max-width: 1000px) 54vw, (max-width: 1071px) 543px, 580px" /></figure>



<p>Gegenüber der Ordination sind öffentliche Parkplätze vorhanden, die während der Ordinationszeiten den Patienten zur Verfügung stehen. Ansonsten nutzen Sie die umliegenden Parkmöglichkeiten.</p>



<p>Barrierefreier Eingang über den Innenhof!</p>



<figure class="wp-block-image"><img loading="lazy" decoding="async" width="1024" height="31" src="https://www.lunge-braunau.at/wp-content/uploads/2021/01/strich-1024x31.jpg" alt="" class="wp-image-154" srcset="https://www.lunge-braunau.at/wp-content/uploads/2021/01/strich-1024x31.jpg 1024w, https://www.lunge-braunau.at/wp-content/uploads/2021/01/strich-300x9.jpg 300w, https://www.lunge-braunau.at/wp-content/uploads/2021/01/strich-768x24.jpg 768w, https://www.lunge-braunau.at/wp-content/uploads/2021/01/strich.jpg 1337w" sizes="auto, (max-width: 767px) 89vw, (max-width: 1000px) 54vw, (max-width: 1071px) 543px, 580px" /></figure>

<p>Facharztpraxis für Lungenheilkunde Dr. Carolin Großruck Bahnhofstraße 50, 5280 Braunau Tel.: +43 (0) 7722 84140 Fax: +43 (0) 7722 84140-15 E-Mail: praxis@lunge-braunau.at Termine nach telefonischer Vereinbarung oder online Buchung Telefonzeiten: Montag10.30 – 12.00 Uhr Dienstag08.00 – 11.00 Uhr Mittwoch14.00 – 17.00 Uhr Donnerstag08.00 – 11.00 Uhr +43 (0)7722 /84140 Öffnungszeiten: (April bis Oktober) Montag12.00 – &hellip; </p>
<p class="link-more"><a href="https://www.lunge-braunau.at/?page_id=62" class="more-link"><span class="screen-reader-text">„Kontakt“</span> weiterlesen</a></p>
